{"id":61,"date":"2023-08-23T20:32:27","date_gmt":"2023-08-23T20:32:27","guid":{"rendered":"https:\/\/bi-horbach-wind.de\/?page_id=61"},"modified":"2023-08-29T15:32:33","modified_gmt":"2023-08-29T15:32:33","slug":"impressum","status":"publish","type":"page","link":"https:\/\/bi-horbach-wind.de\/?page_id=61","title":{"rendered":"Impressum"},"content":{"rendered":"\n<p class=\"wp-block-paragraph\">Mit dieser Website sind keine wirtschaftlichen oder einseitig politischen&nbsp;Interessen verbunden.<br>S\u00e4mtliche hier&nbsp;publizierten Inhalte&nbsp;sind nach bestem Wissen privat recherchiert und erheben keinen Anspruch auf Vollst\u00e4ndigkeit&nbsp;oder Richtigkeit.<\/p>\n\n\n\n<p class=\"wp-block-paragraph\"><strong>Angaben gem\u00e4\u00df \u00a7 5 TMG:<\/strong><br><br><strong>B\u00fcrgerinitiative-Horbach-Wind<\/strong><br>E-Mail:\u00a0<a href=\"mailto:info@horbach-wind.de\">info@horbach-wind.de<\/a><br>c\/o\u00a0Martin Heyen,\u00a0Heyder Feldweg 50,\u00a052072\u00a0Aachen<\/p>\n\n\n\n<p class=\"wp-block-paragraph\">Bernd Stuhlmann (Frohnrather Weg 109, 52072 Aachen)<br>Klaus Bei\u00dfel (Wiesenweg 53, 52072 Aachen)<\/p>\n\n\n\n<p class=\"wp-block-paragraph\"><strong>Verantwortlich f\u00fcr den Inhalt nach \u00a7\u00a018 MStV (und V.i.S.d.P.):<\/strong><br>Bernd Stuhlmann, Frohnrather Weg 109,\u00a052072\u00a0Aachen\u00a0<br>E-Mail: <a href=\"mailto:info@horbach-wind.de\">info@horbach-wind.de<\/a><\/p>\n\n\n\n<p class=\"wp-block-paragraph\"><strong><em>Umgesetzt und programmiert von:<\/em><\/strong><em><br><\/em>Thomas Heise<\/p>\n\n\n\n<p class=\"wp-block-paragraph\"><strong>Inhalte dieser Website<\/strong><\/p>\n\n\n\n<p class=\"wp-block-paragraph\">S\u00e4mtliche auf dieser Website publizierten Inhalte sind nach bestem Wissen privat recherchiert und mit gr\u00f6\u00dftm\u00f6glicher Sorgfalt erstellt. Sie erheben jedoch keinen Anspruch auf Vollst\u00e4ndigkeit, Richtigkeit und Aktualit\u00e4t.<\/p>\n\n\n\n<p class=\"wp-block-paragraph\">Die B\u00fcrgerinitiative-Horbach-Wind \u00fcbernimmt insoweit keine Gew\u00e4hr f\u00fcr die Richtigkeit, Vollst\u00e4ndigkeit und Aktualit\u00e4t der bereitgestellten Inhalte. Die Nutzung der abrufbaren Inhalte erfolgt auf eigene Gefahr des Nutzers. Namentlich gekennzeichnete Beitr\u00e4ge geben die Meinung des jeweiligen Autors und nicht immer die Meinung der B\u00fcrgerinitiative wieder.<\/p>\n\n\n\n<p class=\"wp-block-paragraph\">Als Diensteanbieter sind wir gem\u00e4\u00df \u00a7 7 Abs.1 TMG f\u00fcr eigene Inhalte auf diesen Seiten nach den allgemeinen Gesetzen verantwortlich. Nach \u00a7\u00a7 8 bis 10 TMG sind wir als Diensteanbieter jedoch nicht verpflichtet, \u00fcbermittelte oder gespeicherte fremde Informationen zu \u00fcberwachen oder nach Umst\u00e4nden zu forschen, die auf eine rechtswidrige T\u00e4tigkeit hinweisen.<\/p>\n\n\n\n<p class=\"wp-block-paragraph\">Verpflichtungen zur Entfernung oder Sperrung der Nutzung von Informationen nach den allgemeinen Gesetzen bleiben hiervon unber\u00fchrt. Eine diesbez\u00fcgliche Haftung ist jedoch erst ab dem Zeitpunkt der Kenntnis einer konkreten Rechtsverletzung<br>m\u00f6glich. Bei Bekanntwerden von entsprechenden Rechtsverletzungen werden wir diese Inhalte umgehend entfernen.<\/p>\n\n\n\n<p class=\"wp-block-paragraph\"><strong>Haftung f\u00fcr Links<\/strong><\/p>\n\n\n\n<p class=\"wp-block-paragraph\">Unser Angebot enth\u00e4lt Links zu externen Webseiten Dritter, auf deren Inhalte wir keinen Einfluss haben. Deshalb k\u00f6nnen wir f\u00fcr diese fremden Inhalte auch keine Gew\u00e4hr \u00fcbernehmen. F\u00fcr die Inhalte der verlinkten Seiten ist stets der jeweilige Anbieter oder Betreiber der Seiten verantwortlich. Die verlinkten Seiten wurden zum Zeitpunkt der Verlinkung auf m\u00f6gliche Rechtsverst\u00f6\u00dfe \u00fcberpr\u00fcft. Rechtswidrige Inhalte waren zum Zeitpunkt der Verlinkung nicht erkennbar.<\/p>\n\n\n\n<p class=\"wp-block-paragraph\">Eine permanente inhaltliche Kontrolle der verlinkten Seiten ist jedoch ohne konkrete Anhaltspunkte einer Rechtsverletzung nicht zumutbar. Bei Bekanntwerden von Rechtsverletzungen werden wir derartige Links umgehend entfernen.<\/p>\n\n\n\n<p class=\"wp-block-paragraph\"><strong>Urheberrecht<\/strong><\/p>\n\n\n\n<p class=\"wp-block-paragraph\">Die durch die Seitenbetreiber erstellten Inhalte und Werke auf diesen Seiten unterliegen dem deutschen Urheberrecht. Die Vervielf\u00e4ltigung, Bearbeitung, Verbreitung und jede Art der Verwertung au\u00dferhalb der Grenzen des Urheberrechtes bed\u00fcrfen der schriftlichen Zustimmung des jeweiligen Autors bzw. Erstellers. Downloads und Kopien dieser Seite sind nur f\u00fcr den privaten, nicht kommerziellen Gebrauch gestattet.<\/p>\n\n\n\n<p class=\"wp-block-paragraph\">Soweit die Inhalte auf dieser Seite nicht vom Betreiber erstellt wurden, werden die Urheberrechte Dritter beachtet.<br>Insbesondere werden Inhalte Dritter als solche gekennzeichnet. Sollten Sie trotzdem auf eine Urheberrechtsverletzung aufmerksam werden, bitten wir um einen entsprechenden Hinweis. Bei Bekanntwerden von Rechtsverletzungen werden wir derartige Inhalte umgehend entfernen.<\/p>\n\n\n\n<p class=\"wp-block-paragraph\"><strong>Datenschutz:<\/strong><br>Soweit auf unseren&nbsp;Seiten personenbezogene Daten (beispielsweise Name, Anschrift oder eMail-Adressen) erhoben werden, erfolgt dies soweit m\u00f6glich stets auf freiwilliger Basis. Die Nutzung der Angebote und Dienste ist, soweit m\u00f6glich, stets ohne Angabe personenbezogener Daten m\u00f6glich.<br>Alle Ihre Daten werden unter Beachtung der einschl\u00e4gigen Vorschriften der Bundesdatenschutzgesetze (BDSG) und des Telemediengesetzes (TMG) vom Seitenbetreiber gespeichert. Sie haben jederzeit ein Recht auf kostenlose Auskunft, Berichtigung, Sperrung und L\u00f6schung Ihrer gespeicherten Daten. Sie k\u00f6nnen dies per Email tun. Wir&nbsp;geben Ihre Daten nicht an fremde Dritte zu Werbezwecken weiter!<br>Der Nutzung von im Rahmen der Impressumspflicht ver\u00f6ffentlichten Kontaktdaten durch Dritte zur \u00dcbersendung von nicht ausdr\u00fccklich angeforderter Werbung und Informationsmaterialien wird hiermit ausdr\u00fccklich widersprochen. Der Betreiber der Seiten beh\u00e4lt sich ausdr\u00fccklich rechtliche Schritte im Falle der unverlangten Zusendung von Werbeinformationen, etwa durch Spam-Mails, vor.<\/p>\n","protected":false},"excerpt":{"rendered":"<p>Mit dieser Website sind keine wirtschaftlichen oder einseitig politischen&nbsp;Interessen verbunden.S\u00e4mtliche hier&nbsp;publizierten Inhalte&nbsp;sind nach bestem Wissen privat recherchiert und erheben keinen Anspruch auf Vollst\u00e4ndigkeit&nbsp;oder Richtigkeit. Angaben gem\u00e4\u00df \u00a7 5 TMG: B\u00fcrgerinitiative-Horbach-WindE-Mail:\u00a0info@horbach-wind.dec\/o\u00a0Martin Heyen,\u00a0Heyder Feldweg 50,\u00a052072\u00a0Aachen Bernd Stuhlmann (Frohnrather Weg 109, 52072 Aachen)Klaus Bei\u00dfel (Wiesenweg 53, 52072 Aachen) Verantwortlich f\u00fcr den Inhalt nach&#8230;<\/p>\n<p> <a class=\"continue-reading-link\" href=\"https:\/\/bi-horbach-wind.de\/?page_id=61\"><span>hier weiterlesen<\/span><i class=\"crycon-right-dir\"><\/i><\/a> <\/p>\n","protected":false},"author":1,"featured_media":0,"parent":0,"menu_order":0,"comment_status":"closed","ping_status":"closed","template":"","meta":{"footnotes":""},"class_list":["post-61","page","type-page","status-publish","hentry"],"_links":{"self":[{"href":"https:\/\/bi-horbach-wind.de\/index.php?rest_route=\/wp\/v2\/pages\/61","targetHints":{"allow":["GET"]}}],"collection":[{"href":"https:\/\/bi-horbach-wind.de\/index.php?rest_route=\/wp\/v2\/pages"}],"about":[{"href":"https:\/\/bi-horbach-wind.de\/index.php?rest_route=\/wp\/v2\/types\/page"}],"author":[{"embeddable":true,"href":"https:\/\/bi-horbach-wind.de\/index.php?rest_route=\/wp\/v2\/users\/1"}],"replies":[{"embeddable":true,"href":"https:\/\/bi-horbach-wind.de\/index.php?rest_route=%2Fwp%2Fv2%2Fcomments&post=61"}],"version-history":[{"count":4,"href":"https:\/\/bi-horbach-wind.de\/index.php?rest_route=\/wp\/v2\/pages\/61\/revisions"}],"predecessor-version":[{"id":113,"href":"https:\/\/bi-horbach-wind.de\/index.php?rest_route=\/wp\/v2\/pages\/61\/revisions\/113"}],"wp:attachment":[{"href":"https:\/\/bi-horbach-wind.de\/index.php?rest_route=%2Fwp%2Fv2%2Fmedia&parent=61"}],"curies":[{"name":"wp","href":"https:\/\/api.w.org\/{rel}","templated":true}]}}

<p class="wp-block-paragraph">Mit dieser Website sind keine wirtschaftlichen oder einseitig politischen&nbsp;Interessen verbunden.<br>Sämtliche hier&nbsp;publizierten Inhalte&nbsp;sind nach bestem Wissen privat recherchiert und erheben keinen Anspruch auf Vollständigkeit&nbsp;oder Richtigkeit.</p>



<p class="wp-block-paragraph"><strong>Angaben gemäß § 5 TMG:</strong><br><br><strong>Bürgerinitiative-Horbach-Wind</strong><br>E-Mail: <a href="mailto:info@horbach-wind.de">info@horbach-wind.de</a><br>c/o Martin Heyen, Heyder Feldweg 50, 52072 Aachen</p>



<p class="wp-block-paragraph">Bernd Stuhlmann (Frohnrather Weg 109, 52072 Aachen)<br>Klaus Beißel (Wiesenweg 53, 52072 Aachen)</p>



<p class="wp-block-paragraph"><strong>Verantwortlich für den Inhalt nach § 18 MStV (und V.i.S.d.P.):</strong><br>Bernd Stuhlmann, Frohnrather Weg 109, 52072 Aachen <br>E-Mail: <a href="mailto:info@horbach-wind.de">info@horbach-wind.de</a></p>



<p class="wp-block-paragraph"><strong><em>Umgesetzt und programmiert von:</em></strong><em><br></em>Thomas Heise</p>



<p class="wp-block-paragraph"><strong>Inhalte dieser Website</strong></p>



<p class="wp-block-paragraph">Sämtliche auf dieser Website publizierten Inhalte sind nach bestem Wissen privat recherchiert und mit größtmöglicher Sorgfalt erstellt. Sie erheben jedoch keinen Anspruch auf Vollständigkeit, Richtigkeit und Aktualität.</p>



<p class="wp-block-paragraph">Die Bürgerinitiative-Horbach-Wind übernimmt insoweit keine Gewähr für die Richtigkeit, Vollständigkeit und Aktualität der bereitgestellten Inhalte. Die Nutzung der abrufbaren Inhalte erfolgt auf eigene Gefahr des Nutzers. Namentlich gekennzeichnete Beiträge geben die Meinung des jeweiligen Autors und nicht immer die Meinung der Bürgerinitiative wieder.</p>



<p class="wp-block-paragraph">Als Diensteanbieter sind wir gemäß § 7 Abs.1 TMG für eigene Inhalte auf diesen Seiten nach den allgemeinen Gesetzen verantwortlich. Nach §§ 8 bis 10 TMG sind wir als Diensteanbieter jedoch nicht verpflichtet, übermittelte oder gespeicherte fremde Informationen zu überwachen oder nach Umständen zu forschen, die auf eine rechtswidrige Tätigkeit hinweisen.</p>



<p class="wp-block-paragraph">Verpflichtungen zur Entfernung oder Sperrung der Nutzung von Informationen nach den allgemeinen Gesetzen bleiben hiervon unberührt. Eine diesbezügliche Haftung ist jedoch erst ab dem Zeitpunkt der Kenntnis einer konkreten Rechtsverletzung<br>möglich. Bei Bekanntwerden von entsprechenden Rechtsverletzungen werden wir diese Inhalte umgehend entfernen.</p>



<p class="wp-block-paragraph"><strong>Haftung für Links</strong></p>



<p class="wp-block-paragraph">Unser Angebot enthält Links zu externen Webseiten Dritter, auf deren Inhalte wir keinen Einfluss haben. Deshalb können wir für diese fremden Inhalte auch keine Gewähr übernehmen. Für die Inhalte der verlinkten Seiten ist stets der jeweilige Anbieter oder Betreiber der Seiten verantwortlich. Die verlinkten Seiten wurden zum Zeitpunkt der Verlinkung auf mögliche Rechtsverstöße überprüft. Rechtswidrige Inhalte waren zum Zeitpunkt der Verlinkung nicht erkennbar.</p>



<p class="wp-block-paragraph">Eine permanente inhaltliche Kontrolle der verlinkten Seiten ist jedoch ohne konkrete Anhaltspunkte einer Rechtsverletzung nicht zumutbar. Bei Bekanntwerden von Rechtsverletzungen werden wir derartige Links umgehend entfernen.</p>



<p class="wp-block-paragraph"><strong>Urheberrecht</strong></p>



<p class="wp-block-paragraph">Die durch die Seitenbetreiber erstellten Inhalte und Werke auf diesen Seiten unterliegen dem deutschen Urheberrecht. Die Vervielfältigung, Bearbeitung, Verbreitung und jede Art der Verwertung außerhalb der Grenzen des Urheberrechtes bedürfen der schriftlichen Zustimmung des jeweiligen Autors bzw. Erstellers. Downloads und Kopien dieser Seite sind nur für den privaten, nicht kommerziellen Gebrauch gestattet.</p>



<p class="wp-block-paragraph">Soweit die Inhalte auf dieser Seite nicht vom Betreiber erstellt wurden, werden die Urheberrechte Dritter beachtet.<br>Insbesondere werden Inhalte Dritter als solche gekennzeichnet. Sollten Sie trotzdem auf eine Urheberrechtsverletzung aufmerksam werden, bitten wir um einen entsprechenden Hinweis. Bei Bekanntwerden von Rechtsverletzungen werden wir derartige Inhalte umgehend entfernen.</p>



<p class="wp-block-paragraph"><strong>Datenschutz:</strong><br>Soweit auf unseren&nbsp;Seiten personenbezogene Daten (beispielsweise Name, Anschrift oder eMail-Adressen) erhoben werden, erfolgt dies soweit möglich stets auf freiwilliger Basis. Die Nutzung der Angebote und Dienste ist, soweit möglich, stets ohne Angabe personenbezogener Daten möglich.<br>Alle Ihre Daten werden unter Beachtung der einschlägigen Vorschriften der Bundesdatenschutzgesetze (BDSG) und des Telemediengesetzes (TMG) vom Seitenbetreiber gespeichert. Sie haben jederzeit ein Recht auf kostenlose Auskunft, Berichtigung, Sperrung und Löschung Ihrer gespeicherten Daten. Sie können dies per Email tun. Wir&nbsp;geben Ihre Daten nicht an fremde Dritte zu Werbezwecken weiter!<br>Der Nutzung von im Rahmen der Impressumspflicht veröffentlichten Kontaktdaten durch Dritte zur Übersendung von nicht ausdrücklich angeforderter Werbung und Informationsmaterialien wird hiermit ausdrücklich widersprochen. Der Betreiber der Seiten behält sich ausdrücklich rechtliche Schritte im Falle der unverlangten Zusendung von Werbeinformationen, etwa durch Spam-Mails, vor.</p>

<p>Mit dieser Website sind keine wirtschaftlichen oder einseitig politischen&nbsp;Interessen verbunden.Sämtliche hier&nbsp;publizierten Inhalte&nbsp;sind nach bestem Wissen privat recherchiert und erheben keinen Anspruch auf Vollständigkeit&nbsp;oder Richtigkeit. Angaben gemäß § 5 TMG: Bürgerinitiative-Horbach-WindE-Mail: info@horbach-wind.dec/o Martin Heyen, Heyder Feldweg 50, 52072 Aachen Bernd Stuhlmann (Frohnrather Weg 109, 52072 Aachen)Klaus Beißel (Wiesenweg 53, 52072 Aachen) Verantwortlich für den Inhalt nach&#8230;</p>
<p> <a class="continue-reading-link" href="https://bi-horbach-wind.de/?page_id=61"><span>hier weiterlesen</span><i class="crycon-right-dir"></i></a> </p>
